*2 + v - 1. Let r(q) = -5*q**3 - 2*q**2 - q. Let u be r(-1). Let c(y) = y**3 - u*y**2 - 4*y**3 + y**2 + 4*y**3 + 1. Let k be c(3). Calculate s(k).
1
Let i(n) be the third derivative of n**6/120 + n**5/10 + n**4/12 + 2*n**3/3 - 28*n**2. Determine i(-6).
-8
Let y = -1 + -1. Let j = y - -2. Let h(u) be the second derivative of -u**4/12 - u**3/6 - 3*u**2/2 - 3*u. Calculate h(j).
-3
Let s(k) = -k**3 - 4*k**2 + 3*k. Let y(h) = 2*h - 6. Let w be y(1). Give s(w).
-12
Let q(m) = m**3 - m**2 + 2*m. Let g be q(0). Let h(r) = -r - 11. Calculate h(g).
-11
Let h(j) = j**2 + 3*j - 5. Let u(g) = -g - 13. Let d be u(-8). What is h(d)?
5
Let w(v) be the first derivative of -v**4/4 + v**3 + 3*v**2 - 3*v - 1. Let f = 3 + 1. What is w(f)?
5
Suppose -5*s - 4 = -7*s. Suppose s*k - 2 - 2 = 0. Let y(z) = k*z + 2*z - 1 - 1. What is y(3)?
10
Let z(p) = 2*p - 2. Let v be z(5). Suppose 0*w - v = -w. Let x be (w/(-3))/(4/(-6)). Let m(f) = f**3 - 5*f**2 + 5*f - 1. Determine m(x).
3
Let w(g) = -10*g**3 + 3*g**2 - 3*g + 1. Let b(y) = -y - y**2 + y**3 + 7*y - 2*y - 3*y. Let o(f) = -2*b(f) - w(f). Determine o(1).
7
Let y(v) be the second derivative of -1/12*v**4 + 2*v + 1/2*v**2 + 0 + 0*v**3. What is y(-2)?
-3
Let o be -1 + 0 + -2 + 4. Suppose 5*b - 4*k = -o, -b + 0 = -5*k + 17. Let w(u) be the third derivative of u**4/12 - u**3/2 + 15*u**2. What is w(b)?
3
Let w(g) = g**2 + 6*g + 8. Suppose -3 = 5*b + 27. Calculate w(b).
8
Let u = 16 + -18. Let n be u/(-13) + 100/26. Let f(v) = v**2 - 2*v + 1. What is f(n)?
9
Let g(l) = 5*l - 6. Let c(y) = 11*y - 13. Let o(s) = -6*c(s) + 13*g(s). Determine o(0).
0
Let s(j) = -j**2 - 6*j + 2. Let p = -18 - -12. What is s(p)?
2
Let w(h) = h - 5. Let g = 35 + -35. What is w(g)?
-5
Let s(k) = k**3 + 9*k**2 - 8*k + 13. Let b be s(-10). Let h(j) = j - 2. Calculate h(b).
-9
Let v(i) = -3*i + 2*i + 0 + 7. Suppose 1 = -4*f - 3*k - 3, f - 5*k + 1 = 0. Let y be (0/1)/(f*1). Give v(y).
7
Suppose 5*q + 3 = 8. Let o(h) = -3*h**2 - h + 1. Let v(g) = 4*g**2 + g - 1. Let p(n) = 3*o(n) + 4*v(n). Give p(q).
7
Suppose -3*x + 0*x = -t - 17, 3*x + 13 = -5*t. Suppose 0 = x*g - 0 - 4. Let y(i) = 23*i + 5. Let d(a) = 11*a + 2. Let b(q) = -5*d(q) + 2*y(q). Determine b(g).
-9
Let o(t) = t**3 + 25*t**2 + 47*t + 33. Let c be o(-23). Let m(q) = q - 4. What is m(c)?
6
Let z = 19 + -18. Let u = -8 + 11. Let p(w) = 2*w + w**3 + w**2 - 4*w**u - 3*w. Give p(z).
-3
Let b(j) = -3*j. Let l(c) = -4*c - 1. Let k(u) = -5*b(u) + 3*l(u). Calculate k(-3).
-12
Let i(n) be the first derivative of n**7/840 - n**6/90 + n**4/24 + 2*n**3/3 + 2. Let d(c) be the third derivative of i(c). Give d(4).
1
Let a(k) = -k**2 - k. Let u(t) = 2*t**2 + 2*t - 5. Let c(z) = 3*a(z) + u(z). Give c(0).
-5
Suppose -3*x + 2*x = -2. Let j be (3/(-2))/((-2)/4). Let f(z) = 1 - z**x - z**j + 0*z**2 - z**3. Give f(-1).
2
Let j = -92 + 96. Let p(h) be the first derivative of 2*h**3/3 - 3*h**2 + 2. Determine p(j).
8
Suppose -2 - 1 = -i - 2*u, i = 2*u - 13. Let z be (-18)/15*i/2. Let k(a) = -a**z + 5*a**2 + 2*a**2 + 4*a - 4*a**2. Determine k(4).
0
Let w(p) = 10*p - 1. Suppose -198*v + 3 = -201*v. Calculate w(v).
-11
Let k(b) = 3 - b - 4*b**2 - 2*b + 5*b + 5*b**2. Let i(o) = 2*o**2 + 4*o + 7. Let f(h) = 3*i(h) - 7*k(h). Determine f(-3).
-3
Let o(i) = -i**3 + 7*i**2 - 6*i + 3. Let m be 2*(6 - (5 - 2)). What is o(m)?
3
Let p(r) = -4*r**2 + 8*r - 10. Let f(c) = -3*c**2 + 5*c - 7. Let h(q) = 7*f(q) - 5*p(q). Give h(-5).
1
Let n(v) be the first derivative of -v + 1 + 1/2*v**2. Let w(m) = m**2 + 3*m + 3. Let t be w(-3). What is n(t)?
2
Let r(w) be the third derivative of -8*w**2 + 0*w + 0 - 1/60*w**5 - 1/3*w**3 + 1/6*w**4. Suppose -m = -l - 2*m, 2*l + 8 = -4*m. What is r(l)?
-2
Let n(g) = -g + 2. Let v(y) = -y**2 + 3*y - 6. Let l be v(4). Let w be (-15)/l*8/(-6). Calculate n(w).
4
Let s(f) = 0 + 0 - f. Suppose 5 = -3*n - 2*l + 4, -3*l - 15 = 0. Suppose -20 = -y - n*y. What is s(y)?
-5
Suppose 6*h - 2*h = 36. Let p(l) = 3*l**2 + 1 + 9*l + 0 - l**3 + 7*l**2 - 2*l**2. What is p(h)?
1
Let x(s) be the third derivative of s**6/120 - s**5/12 - s**4/6 + 4*s**3/3 - 2*s**2. Calculate x(6).
20
Let u be (3 - -2) + -2 - 1. Suppose 3 = y + u. Let h(d) = d**3 + 1. Let c(p) = 2*p**3 - p**2 - p. Let g(w) = y*c(w) - 3*h(w). Determine g(0).
-3
Let z(g) be the second derivative of g**6/360 + g**5/120 + g**4/24 - 2*g**3/3 + 3*g. Let f(s) be the second derivative of z(s). Give f(0).
1
Suppose 3*z - 3 + 6 = 0. Let t = 2 - z. Let g(x) = -x**3 + 3*x**2 + x - 1. Let a(o) = o**3 - 3*o**2 - o + 2. Let k(v) = 4*a(v) + 5*g(v). Calculate k(t).
6
Let u(z) = z**3 - 4*z**2 - 8*z + 5. Suppose 0 = -2*x + 2*o + 20, 4*o + 0*o + 30 = 2*x. Give u(x).
-10
Let d(q) = -q**2 + q**2 + 11*q + 1 - 9*q - 7*q**3. Give d(-1).
6
Let q(l) be the second derivative of -l**4/12 - l**3/3 - l**2/2 - l. Suppose 3*u - 2*u = 2*m, -4*u - 5*m + 52 = 0. Suppose -3*x = -x + u. Determine q(x).
-9
Let z(h) be the first derivative of -h**4/4 + h**3/3 + h**2/2 - 6*h + 5. Determine z(0).
-6
Let p(j) = -5*j**3 - 6*j**2 - j. Let b(z) = -z**3 - z**2 - z. Let s(n) = -4*b(n) + p(n). Suppose -2 = -4*r + 22. Suppose -r*y = -9*y + 6. Determine s(y).
-10
Suppose 0 = 16*h - 101 + 37. Let k(z) = z**3 - 3*z**2 - 3*z - 5. Determine k(h).
-1
Let l = -3 + 3. Suppose 5*w - 9 + 34 = l. Let c(v) = -v**2 + v. Let i(h) = -h**3 - 3*h**2 - 7*h - 3. Let o(d) = 3*c(d) + i(d). Determine o(w).
-8
Let q(n) be the second derivative of -n**5/20 - n**4/2 + 4*n**3/3 - n**2 + 13*n. What is q(-7)?
-9
Let v = -26 - -22. Let x(s) = s**3 + 3*s**2 - 5*s + 1. Determine x(v).
5
Let f(x) = 4*x. Let a(q) = -2*q + 3*q - 2 + 3. Let y(k) = -8*k - 4. Let d(j) = 5*a(j) + y(j). Let p(z) = 3*d(z) + 2*f(z). Calculate p(2).
1
Let w(n) = n**3 + n. Let r be ((-12)/15)/((-4)/(-30)). Let s be r/9*(-15)/(-10). Determine w(s).
-2
Suppose 0 = -5*w + p - 6, 4*w + 3*p + 3 = 2. Let s be (-10)/4*(-3 + 1). Let q(j) = -4 - j + 0*j**2 + j**2 - 2 + s. Determine q(w).
1
Let f = -2 + -2. Let t(k) be the first derivative of -k**4/4 - 5*k**3/3 - k**2 + 4. What is t(f)?
-8
Let m(i) = 3*i**3 + 4*i**2 + 3*i + 3. Let b(x) = x**3 + x**2 - x. Let w(n) = -b(n) + m(n). Give w(-2).
-9
Let j(i) = 2*i - 8. Let g(q) = -q + 1. Let b be g(-1). Suppose -c = -6*k + b*k + 19, 3*c = 2*k + 3. Determine j(k).
4
Let y(g) = -4*g**2 - 3. Let b(i) = -17*i**2 - i - 13. Let x(m) = -2*b(m) + 9*y(m). Let u be (2 - 3) + 1 + 1. What is x(u)?
-1
Let a = 6 + -2. Suppose a*q - 18 = 2*d, 2*q - 39 = -3*q - 3*d. Let w(t) = 6 + 0 + t**2 + q*t - 1. What is w(-5)?
0
Let b(l) be the second derivative of -l**5/20 - l**4/2 - l**2 - 4*l. What is b(-6)?
-2
Let u(t) = -4*t**2 - 2*t - 1. Let k be (1/(-1))/(-1) - 4. Let m be 1*(k - (-3 - -1)). What is u(m)?
-3
Let z(f) = f**2 - f - 4. Let b = -26 + 29. Determine z(b).
2
Let b(g) be the third derivative of 0*g + 0 - 1/6*g**3 - g**2 + 1/12*g**4. What is b(2)?
3
Let m be (-5)/((-15)/6) - -4. Let r(x) = -x**2 + 7*x - 8. Calculate r(m).
-2
Suppose -f = -5*r + 29, -2*r - 3*f = -2*f - 13. Let n(g) = -g**3 + 6*g**2 + 2. Calculate n(r).
2
Suppose 7 + 9 = 5*c + 2*y, 1 = 2*c - y. Suppose c = g - 0. Let t(f) = -f**3 - 2*f + 0*f + g - 3 - f**2. Calculate t(-1).
1
Let l(i) = i**2 + 8*i + 2. Suppose -2*j - 7 = 9. Let o be l(j). Let p(y) = 2 + o + 6*y**2 + 4*y - 3*y**2 - 2*y**2. Determine p(-3).
1
Let v(w) = -w**2 - 2. Let f = -1 - -1. Suppose r - 26 = k + 3*k, -9 = -4*r - 3*k. Suppose -4*m + 6*m = -s - r, f = -2*s - 3*m - 9. Calculate v(s).
-2
Suppose 19 = -5*w + 44. Let r(h) be the second derivative of 1/6*h**3 + 0 + 1/2*h**4 - 1/20*h**w + h - 5/2*h**2. Determine r(6).
1
Let x(v) = -21*v**3 - 3*v**2 + 6*v - 14. Suppose -3*a = -6*a - 33. Let r(s) = -7*s**3 - s**2 + 2*s - 5. Let m(o) = a*r(o) + 4*x(o). Let q = -6 + 7. Give m(q).
-7
Let g = 52 - 44. Let m(h) = h**3 - 8*h**2 + 2*h - 4. Calculate m(g).
12
Let j(r) be the second derivative of -r**3/3 + r**2/2 - 2*r. Let t(o) be the second derivative of -o**4/12 - o**3/3 - o**2 + 2*o. Let s be t(-2). What is j(s)?
5
Let l(s) = -s**3 - 2*s**2 - 1. Let o be l(-2). Let f(c) = -5*c**2 - c**3 + 4*c**2 - 10*c**3. Give f(o).
10
Let a = 16 + -11. Suppose 2*x - 5 = k + 5, a*k + 40 = 5*x. Let f(b) = -b**3 - 6*b**2 + 5. Calculate f(k).
5
Let t = -23 + -7. Let s be t/(-9) + 2/3. Let c(d) = 7*d - 5. Let o(w) = -13*w + 9. Let z(j) = -11*